 g?
5
Suppose -3 = -z - 2*z. Suppose f = 2*p + 14 + z, 3*p + 25 = 2*f. Let q(k) = k**3 + 5*k**2 - 2*k - 6. What is the units digit of q(p)?
4
What is the units digit of 4/6 - 704/(-6)?
8
Suppose -2*b = -4*h + 20, -2*h - b - 3 = -5. Suppose 0 = o - h - 1. What is the units digit of -1*2/o*-18?
9
Let k(n) = 36*n + 73. What is the hundreds digit of k(4)?
2
Let n = -294 - -443. What is the hundreds digit of n?
1
Suppose 4*m - 3*m = -i + 8, -5*m = -15. Suppose i*c - 40 = 5*v, 0*v = 4*c + 4*v - 32. What is the units digit of c?
8
Suppose 3*l + f - 7 = 0, 5*f - 1 = l + 2. Suppose 3*h - l*h = 1. What is the units digit of h?
1
Let o = 8 - 9. What is the units digit of ((-4)/(-3))/(o/(-3))?
4
Suppose -6*d + 20 = -d. Suppose z + 2*z = -3*p - 30, 4*z - 5*p = -d. What is the units digit of (z/10)/(2/(-10))?
3
Let y(b) = b. Let p(h) = 7. Let j(d) = -p(d) + 2*y(d). What is the units digit of j(5)?
3
Let q(p) = -8*p - 11. Let u(r) = 2*r + 2*r + 5 + 0*r. Let f(m) = 4*q(m) + 9*u(m). What is the units digit of f(3)?
3
Let l = -15 - -15. Let o be -2 + 36/(4/2). Let b = l + o. What is the tens digit of b?
1
Let i(p) = 4*p**2 + 1. Let r be i(-1). Suppose s + 29 = 5*d - 3*s, -r*d + s = -41. Suppose 0*o - 4*o + d = -c, -3 = -2*o + c. What is the units digit of o?
3
Let g(t) = 3*t - 3. Let j be 3/(-12) - (-2)/8. Suppose j = 3*a - 0 - 9. What is the units digit of g(a)?
6
Suppose -2*x - 45 + 149 = -2*m, -2*x + 88 = 2*m. What is the units digit of x?
8
Let n(f) = f + 14. Let m be n(-12). Suppose 12 = m*i - 4. What is the units digit of i?
8
Suppose 5*v - 65 = -10. What is the units digit of 3/(-3)*v*-1?
1
Let p(l) be the second derivative of l**5/20 - l**4/12 - l**3/6 + 5*l**2 - 4*l. What is the units digit of p(0)?
0
Let o = 44 - 30. What is the tens digit of o - (-9)/6*-2?
1
What is the units digit of 3033/45 + -1 + 8/5?
8
What is the hundreds digit of (-657)/6*(-7)/((-14)/(-4))?
2
Suppose -401 = -8*c + 47. What is the units digit of c?
6
Let c(y) = 143*y - 7. What is the units digit of c(2)?
9
Suppose 18 = 2*q - 5*t, 3*t + 2 = -5*q + 16. Suppose 3*p + 0*m = -2*m + 14, -10 = 3*p - q*m. What is the units digit of ((-4)/12)/(p/(-114))?
9
Suppose 1 - 7 = -2*u. Let c = -21 + 19. Let i = c + u. What is the units digit of i?
1
Suppose -4*o + 0*o + 12 = 0. Suppose -192 = -o*t - t. What is the tens digit of t?
4
Suppose 2*u + 4*o = 4*u + 6, 5*o = u + 15. Let h(a) = a**2 - 4*a + 1. What is the units digit of h(u)?
6
What is the units digit of (-32)/6*(-45)/10?
4
Suppose -x - 211 = -5*k, -2*k - 4*x + 8 = -94. What is the units digit of k?
3
What is the units digit of 156/48*(4 - 0)?
3
Let j(w) be the first derivative of w**5/20 + 7*w**4/12 + 3*w**2 - 2*w + 4. Let b(k) be the first derivative of j(k). What is the units digit of b(-7)?
6
Let s be (-2)/5 - (-204)/10. Suppose -2*j + 4*m + s = 3*m, -5*j + 47 = -m. What is the units digit of 4/18 - (-88)/j?
0
Suppose -17*w = -2*w - 2445. What is the tens digit of w?
6
Let a = 63 + -42. What is the tens digit of ((-60)/a)/(6/(-21))?
1
Suppose -2*v + 67 - 15 = 0. What is the units digit of v?
6
Let j(w) = w + 3 - 2*w - 2 + 1. What is the units digit of j(0)?
2
Let j be ((-3)/(-2))/(21/(-140)). What is the units digit of j/(-3)*156/10?
2
Suppose 0 = -0*f + 3*f - x - 756, 0 = 3*f + 5*x - 756. What is the units digit of f?
2
Let n(f) = 4*f**2 + 13*f + 30. What is the tens digit of n(-3)?
2
Suppose 0 = -5*f - 1 + 16. Suppose 5*h - 2*i - 109 = 0, -f*h + 5*i - 2*i + 60 = 0. What is the units digit of h?
3
Let b(h) = -6 + 0*h**2 + 4*h - 9*h + 5*h**2 - 4*h**2. Let y be b(6). Suppose y = 2*w + w - 18. What is the units digit of w?
6
Let v(x) = 23*x + 6. What is the units digit of v(3)?
5
Suppose 9 = -5*k - 6. Let f = 19 + k. What is the units digit of (f*-1)/(-3 + 1)?
8
Suppose 2*l + 2 = u, 14 = -u - 3*u - 3*l. Let r be 0 + (-1)/(2/u). Suppose k = -2*i + r, -i - 2*k - 7 = k. What is the units digit of i?
2
Let z(f) = -2*f**2 - 10*f + 10. What is the tens digit of z(-5)?
1
What is the hundreds digit of 20/45 + (-6256)/(-18)?
3
Suppose l + t = 15, 4*l = -t - 2*t + 62. What is the units digit of l?
7
Let q(i) = i**3 - 5*i**2 + i - 2. Let f be q(5). Suppose f*v = h - 3*h + 6, 3*h + 21 = 3*v. What is the units digit of (2 - (-2 + v)) + 5?
5
Let y(d) = -5*d**2 + 6*d + 5. Let t(c) = -6*c**2 + 7*c + 5. Let l(g) = -6*t(g) + 7*y(g). What is the tens digit of l(4)?
2
Let a(r) = 5*r - 11. Let h be (36/(-10))/((-22)/55). What is the units digit of a(h)?
4
Let x = -7 + -10. Let f = x + 31. What is the units digit of f?
4
Suppose -m + 208 = 2*v - 0*v, 5*v + 4*m - 523 = 0. What is the hundreds digit of v?
1
Let v(o) = o**3 - 5*o**2 + 7*o - 6. Let d be v(4). Suppose 200 = d*l - l. What is the units digit of l?
0
What is the tens digit of 7 + 34 + 1*-2?
3
Let y(v) = -4*v + 5. Let m(o) = 5*o - 5. Let p(x) = 6*m(x) + 7*y(x). Let q be p(-9). Let h = -8 - q. What is the units digit of h?
5
Let u(r) = 4*r - 3. Suppose 4*o + 16 = 0, -2*m + 4*o + o = -26. What is the units digit of u(m)?
9
Let x(n) = n**3 - 4*n + 3. Let k be x(2). Suppose k*f + s = -3*s + 58, 2*f - 31 = 5*s. What is the tens digit of f?
1
Let r(o) be the third derivative of -o**5/60 + o**4/3 - 3*o**3/2 + 4*o**2. What is the units digit of r(6)?
3
Suppose -7 = -4*h + 1. Suppose -h - 10 = -4*l. What is the units digit of l?
3
Let p = 15 + -6. Let i = p - 4. What is the units digit of i?
5
Suppose -5*c = 5*w - 165, 5*c + 195 = 5*w - 0*c. What is the tens digit of w?
3
Let m(j) = j**2 + 5*j - 37. What is the hundreds digit of m(10)?
1
Let o(q) = -q**2 + 11*q - 8. Let t be o(9). Suppose -2*x + 8 = -4*g - t, 0 = -4*x - 2*g - 4. What is the units digit of x?
1
Suppose 0 = 5*d - 232 - 168. What is the tens digit of d?
8
Suppose 3*f - 2*u = -28, 4*u - 2*u + 8 = 0. Let c = f - -10. What is the units digit of 27/c*(-4)/6?
9
Let x(z) = 6*z - 6. Let r be x(14). Let f = r - 53. What is the units digit of f?
5
Suppose -6*m = -2*m - 8. Let g be ((-18)/(-15))/(3/10). Suppose 5*p + m*t - 4 - 2 = 0, -5*t - 18 = -g*p. What is the units digit of p?
2
Suppose 2*l = 3*f - 9, 2*f = -3*f - 3*l + 34. Suppose 0 = -4*k - k + 20. Suppose 0 = y + k - f. What is the units digit of y?
1
What is the tens digit of 336/32*(-1 + 38/14)?
1
Suppose 2*g + 3 = -5. Let x(w) = -w**3 - 5*w**2 - 5*w. Let p be x(g). Let y(l) = l**3 - 4*l**2 + 5*l - 5. What is the tens digit of y(p)?
1
Let d be (-438)/27 + (-4)/(-18). Let s = 22 - d. What is the tens digit of s?
3
Suppose 0*q + 2*s = -3*q - 1, 8 = q - s. Suppose -q*n = -7*n + 68. What is the tens digit of n?
1
Let u be (-187)/5 - (-2)/5. Let y = u - -58. What is the tens digit of y?
2
Let g be 47/5 + (-6)/15. Let i be 10/(-3)*g + 0. Let z = -15 - i. What is the units digit of z?
5
Suppose 2*h + 0 - 4 = 0. Let y = -3 + 4. Suppose h*z = z + y. What is the units digit of z?
1
Suppose -875 = -4*l + 5*t, 0 = -4*l - 0*t - 4*t + 920. What is the hundreds digit of l?
2
Let h(x) = -14*x - 8. Let z be h(3). Let y = z + 72. What is the units digit of y?
2
Let g(s) = 12*s**2 + 3*s - 2. What is the units digit of g(1)?
3
Let x = -87 - -131. Suppose -x + 15 = -m. What is the tens digit of m?
2
Let o = 0 - -3. Suppose 0 = -o*r + 12 + 18. What is the units digit of r?
0
Suppose -c + 2*c - 36 = 0. What is the tens digit of c?
3
Let n(d) = 8*d - 12. Let z(o) = -3*o + 4. Let k(f) = 4*n(f) + 11*z(f). Let x = 9 - 17. What is the units digit of k(x)?
4
Let i = -134 + 198. Suppose -2*x - 3*l + i = 0, 4*l + 168 = 2*x + 2*x. Suppose -5*v = -x + 3. What is the units digit of v?
7
Suppose -9 = -5*l + 11. Suppose 0*c = l*c - 72. What is the units digit of c?
8
Suppose 4*n - 8 = 12. Suppose -2*r - 5*x - 1 = 0, -2*r - n*x = -x. Suppose r*i + z = 10, z = 2*z + 4. What is the units digit of i?
7
Let m(t) = -t**3 - 7*t**2 + 7*t. Let z be m(-8). Suppose -5*j + z*j = 90. What is the tens digit of j?
3
Let a(x) = x**2 + 2*x - 19. What is the tens digit of a(13)?
7
Suppose -5*d - 4*a + 1261 = 0, 4*d - 2*a = -0*a + 988. What is the tens digit of d?
4
Suppose 320 = -7*f + 12*f. What is the units digit of f?
4
Let l(c) = 6*c + 2. Let y(v) = -7*v - 2. Let r(o) = -4*l(o) - 3*y(o). Let z(w) = w**2 + 4*w. Let u be z(-3). What is the units digit of r(u)?
7
Let t = 198 - 93. What is the tens digit of t?
0
Let z(o) = -5 + 4*o + 0 - 8 + 4